ors of 432893.
432893
What are the prime factors of 1563027?
3, 521009
What are the prime factors of 7965342?
2, 3, 7, 11, 821
List the prime factors of 2061553.
13, 158581
What are the prime factors of 563849?
11, 13, 3943
List the prime factors of 3865699.
67, 57697
What are the prime factors of 45046?
2, 101, 223
What are the prime factors of 7849924?
2, 569, 3449
List the prime factors of 3871399.
7, 553057
What are the prime factors of 448419?
3, 19, 7867
List the prime factors of 1649478.
2, 3, 421, 653
What are the prime factors of 177876?
2, 3, 61
List the prime factors of 57568.
2, 7, 257
List the prime factors of 13177438.
2, 1051, 6269
List the prime factors of 1247188.
2, 17, 18341
What are the prime factors of 727297?
727297
List the prime factors of 3986966.
2, 1993483
List the prime factors of 235103.
11, 29, 67
List the prime factors of 295312.
2, 18457
What are the prime factors of 673132?
2, 17, 19, 521
What are the prime factors of 1754762?
2, 23, 37, 1031
What are the prime factors of 950997?
3, 17, 29, 643
List the prime factors of 184350.
2, 3, 5, 1229
List the prime factors of 3205892.
2, 29, 953
List the prime factors of 859686.
2, 3, 143281
List the prime factors of 13536397.
7, 23, 12011
What are the prime factors of 221661?
3, 11, 2239
What are the prime factors of 7135408?
2, 7, 63709
List the prime factors of 273659.
131, 2089
What are the prime factors of 87562?
2, 43781
List the prime factors of 196431.
3, 41, 1597
List the prime factors of 1757146.
2, 878573
What are the prime factors of 2875511?
113, 25447
List the prime factors of 29104961.
433, 67217
List the prime factors of 69856.
2, 37, 59
What are the prime factors of 457783?
73, 6271
List the prime factors of 315044.
2, 17, 41, 113
What are the prime factors of 648311?
43, 15077
What are the prime factors of 189330?
2, 3, 5, 6311
What are the prime factors of 14014684?
2, 53, 66107
List the prime factors of 189764.
2, 47441
What are the prime factors of 310958?
2, 181, 859
What are the prime factors of 3112?
2, 389
List the prime factors of 433501.
433501
What are the prime factors of 1504773?
3, 167197
List the prime factors of 1206723.
3, 7, 8209
List the prime factors of 1838421.
3, 13, 19, 827
List the prime factors of 186425.
5, 7457
List the prime factors of 20687927.
13, 113, 14083
What are the prime factors of 144816?
2, 3, 7, 431
List the prime factors of 220139.
29, 7591
What are the prime factors of 8221611?
3, 2740537
What are the prime factors of 973162?
2, 491, 991
What are the prime factors of 967151?
223, 4337
What are the prime factors of 21500?
2, 5, 43
What are the prime factors of 4478645?
5, 895729
List the prime factors of 1725764.
2, 431441
List the prime factors of 414093.
3, 97, 1423
List the prime factors of 994103.
11, 90373
What are the prime factors of 301800?
2, 3, 5, 503
What are the prime factors of 176631?
3, 7, 13, 647
List the prime factors of 261861.
3, 191, 457
List the prime factors of 2376178.
2, 7, 19, 8933
List the prime factors of 4590495.
3, 5, 7, 13, 19, 59
What are the prime factors of 737557?
29, 877
What are the prime factors of 8707942?
2, 4353971
What are the prime factors of 5863959?
3, 101, 6451
What are the prime factors of 2956005?
3, 5, 13, 31, 163
What are the prime factors of 1095951?
3, 101, 3617
What are the prime factors of 7698177?
3, 47, 18199
What are the prime factors of 6198374?
2, 7, 13, 34057
What are the prime factors of 675235?
5, 11, 12277
What are the prime factors of 50405?
5, 17, 593
What are the prime factors of 10601117?
10601117
List the prime factors of 6135369.
3, 43, 199, 239
What are the prime factors of 870595?
5, 11, 1439
What are the prime factors of 251248?
2, 41, 383
What are the prime factors of 4728702?
2, 3, 11, 71647
List the prime factors of 1419631.
73, 19447
What are the prime factors of 3826133?
37, 103409
What are the prime factors of 6390557?
31, 211, 977
What are the prime factors of 16486558?
2, 11, 29, 25841
What are the prime factors of 1194860?
2, 5, 59743
List the prime factors of 10770169.
19, 566851
What are the prime factors of 24455026?
2, 23, 531631
List the prime factors of 529840.
2, 5, 37, 179
What are the prime factors of 89196?
2, 3, 7433
What are the prime factors of 2513904?
2, 3, 83, 631
What are the prime factors of 3947062?
2, 7, 281933
What are the prime factors of 4880815?
5, 19, 83, 619
What are the prime factors of 13509680?
2, 5, 47, 3593
List the prime factors of 2651251.
43, 61657
List the prime factors of 4178506.
2, 2089253
List the prime factors of 1408544.
2, 44017
List the prime factors of 356794.
2, 178397
List the prime factors of 145822.
2, 72911
List the prime factors of 3097748.
2, 79, 9803
What are the prime factors of 6124461?
3, 7, 61, 683
What are the prime factors of 967138?
2, 19, 31, 821
What are the prime factors of 327165?
3, 5, 17, 1283
What are the prime factors of 1482177?
3, 557, 887
What are the prime factors of 86618?
2, 7, 23, 269
What are the prime factors of 957407?
11, 87037
List the prime factors of 110953.
181, 613
List the prime factors of 97153.
7, 13879
What are the prime factors of 9773915?
5, 107, 18269
List the prime factors of 16087104.
2, 3, 11, 2539
List the prime factors of 217545.
3, 5, 14503
List the prime factors of 1292655.
3, 5, 7, 13, 947
What are the prime factors of 870320?
2, 5, 11, 23, 43
What are the prime factors of 437386?
2, 383, 571
List the prime factors of 6770250.
2, 3, 5, 17, 59
List the prime factors of 9371144.
2, 1171393
List the prime factors of 40742.
2, 13, 1567
List the prime factors of 264591.
3, 29399
List the prime factors of 238458.
2, 3, 11, 3613
List the prime factors of 23510855.
5, 199, 23629
What are the prime factors of 48178?
2, 13, 17, 109
List the prime factors of 1575524.
2, 307, 1283
List the prime factors of 23915185.
5, 7, 97613
List the prime factors of 918628.
2, 179, 1283
List the prime factors of 498356.
2, 31, 4019
List the prime factors of 103565.
5, 7, 11, 269
What are the prime factors of 8608550?
2, 5, 172171
List the prime factors of 24771942.
2, 3, 13, 105863
What are the prime factors of 4278030?
2, 3, 5, 142601
What are the prime factors of 8719048?
2, 13, 6449
What are the prime factors of 3766695?
3, 5, 151, 1663
List the prime factors of 18627457.
353, 52769
List the prime factors of 4511258.
2, 59, 38231
What are the prime factors of 4988630?
2, 5, 659, 757
List the prime factors of 401384.
2, 131, 383
List the prime factors of 470636.
2, 117659
List the prime factors of 4912040.
2, 5, 7, 53, 331
What are the prime factors of 491229?
3, 54581
List the prime factors of 353428.
2, 149, 593
What are the prime factors of 1593386?
2, 796693
List the prime factors of 523014.
2, 3, 61, 1429
What are the prime factors of 3801805?
5, 7, 19, 5717
List the prime factors of 487472.
2, 30467
What are the prime factors of 1010723?
7, 20627
What are the prime factors of 4451433?
3, 7, 17, 37, 337
What are the prime factors of 8988766?
2, 4494383
List the prime factors of 28918598.
2, 17, 31, 27437
List the prime factors of 3770435.
5, 29, 26003
List the prime factors of 10597636.
2, 7, 311, 1217
What are the prime factors of 28876998?
2, 3, 19, 253307
What are the prime factors of 9207423?
3, 1023047
List the prime factors of 10632114.
2, 3, 401, 491
What are the prime factors of 301705?
5, 83, 727
What are the prime factors of 2149247?
2149247
What are the prime factors of 228044?
2, 47, 1213
What are the prime factors of 9029948?
2, 2257487
List the prime factors of 14537416.
2, 1817177
List the prime factors of 6458304.
2, 3, 33637
List the prime factors of 37580.
2, 5, 1879
List the prime factors of 1198440.
2, 3, 5, 3329
What are the prime factors of 4868559?
3, 180317
List the prime factors of 4218511.
11, 31, 89, 139
What are the prime factors of 1257409?
1257409
What are the prime factors of 499673?
499673
What are the prime factors of 2233340?
2, 5, 111667
What are the prime factors of 16389838?
2, 599, 13681
What are the prime factors of 20586289?
2083, 9883
List the prime factors of 68546.
2, 34273
List the prime factors of 1637020.
2, 5, 7, 11, 1063
List the prime factors of 4968304.
2, 11, 28229
What are the prime factors of 309779?